 of 239?
239
What are the prime factors of 22858?
2, 11, 1039
What are the prime factors of 484?
2, 11
List the prime factors of 8344.
2, 7, 149
What are the prime factors of 13055?
5, 7, 373
What are the prime factors of 91972?
2, 22993
List the prime factors of 45450.
2, 3, 5, 101
List the prime factors of 1869.
3, 7, 89
List the prime factors of 13803.
3, 43, 107
List the prime factors of 807.
3, 269
List the prime factors of 50230.
2, 5, 5023
What are the prime factors of 1637?
1637
List the prime factors of 34929.
3, 3881
List the prime factors of 2618.
2, 7, 11, 17
What are the prime factors of 163496?
2, 107, 191
What are the prime factors of 688?
2, 43
List the prime factors of 7495.
5, 1499
What are the prime factors of 16534?
2, 7, 1181
What are the prime factors of 22118?
2, 11059
List the prime factors of 1270.
2, 5, 127
List the prime factors of 5262.
2, 3, 877
List the prime factors of 11057.
11057
List the prime factors of 71661.
3, 23887
What are the prime factors of 4258?
2, 2129
What are the prime factors of 2402?
2, 1201
What are the prime factors of 27579?
3, 29, 317
List the prime factors of 60404.
2, 15101
List the prime factors of 39700.
2, 5, 397
List the prime factors of 4098.
2, 3, 683
What are the prime factors of 12175?
5, 487
What are the prime factors of 3155?
5, 631
List the prime factors of 3070.
2, 5, 307
What are the prime factors of 4257?
3, 11, 43
What are the prime factors of 277?
277
List the prime factors of 17150.
2, 5, 7
List the prime factors of 467.
467
List the prime factors of 1616.
2, 101
List the prime factors of 98910.
2, 3, 5, 7, 157
List the prime factors of 1440.
2, 3, 5
What are the prime factors of 930?
2, 3, 5, 31
What are the prime factors of 38957?
163, 239
List the prime factors of 156379.
353, 443
What are the prime factors of 3585?
3, 5, 239
What are the prime factors of 5359?
23, 233
List the prime factors of 1093.
1093
What are the prime factors of 12773?
53, 241
List the prime factors of 5994.
2, 3, 37
What are the prime factors of 1521?
3, 13
What are the prime factors of 12130?
2, 5, 1213
List the prime factors of 19985.
5, 7, 571
List the prime factors of 3644.
2, 911
What are the prime factors of 121?
11
What are the prime factors of 518?
2, 7, 37
What are the prime factors of 22621?
22621
List the prime factors of 42680.
2, 5, 11, 97
What are the prime factors of 8557?
43, 199
What are the prime factors of 9356?
2, 2339
List the prime factors of 2609.
2609
What are the prime factors of 14304?
2, 3, 149
What are the prime factors of 42644?
2, 7, 1523
What are the prime factors of 2502?
2, 3, 139
What are the prime factors of 64245?
3, 5, 4283
List the prime factors of 116248.
2, 11, 1321
List the prime factors of 1890.
2, 3, 5, 7
List the prime factors of 1103.
1103
What are the prime factors of 26425?
5, 7, 151
What are the prime factors of 34699?
7, 4957
What are the prime factors of 2903?
2903
What are the prime factors of 676?
2, 13
List the prime factors of 1060.
2, 5, 53
List the prime factors of 1783.
1783
What are the prime factors of 9960?
2, 3, 5, 83
What are the prime factors of 2871?
3, 11, 29
What are the prime factors of 32268?
2, 3, 2689
List the prime factors of 39378.
2, 3, 6563
List the prime factors of 10977.
3, 3659
What are the prime factors of 26940?
2, 3, 5, 449
List the prime factors of 109545.
3, 5, 67, 109
List the prime factors of 6732.
2, 3, 11, 17
What are the prime factors of 12421?
12421
List the prime factors of 18105.
3, 5, 17, 71
What are the prime factors of 116111?
67, 1733
List the prime factors of 2220.
2, 3, 5, 37
List the prime factors of 5397.
3, 7, 257
What are the prime factors of 1379?
7, 197
List the prime factors of 12349.
53, 233
List the prime factors of 1164.
2, 3, 97
What are the prime factors of 259?
7, 37
List the prime factors of 2425.
5, 97
List the prime factors of 7471.
31, 241
What are the prime factors of 114891?
3, 7, 5471
What are the prime factors of 64059?
3, 131, 163
What are the prime factors of 20650?
2, 5, 7, 59
What are the prime factors of 20638?
2, 17, 607
List the prime factors of 16773.
3, 5591
List the prime factors of 2800.
2, 5, 7
List the prime factors of 12229.
7, 1747
What are the prime factors of 10991?
29, 379
What are the prime factors of 106?
2, 53
What are the prime factors of 9553?
41, 233
What are the prime factors of 58378?
2, 17, 101
List the prime factors of 29603.
7, 4229
What are the prime factors of 20728?
2, 2591
List the prime factors of 123.
3, 41
List the prime factors of 1970.
2, 5, 197
List the prime factors of 13969.
61, 229
List the prime factors of 1310.
2, 5, 131
What are the prime factors of 55351?
55351
List the prime factors of 5461.
43, 127
What are the prime factors of 6152?
2, 769
List the prime factors of 6504.
2, 3, 271
List the prime factors of 56534.
2, 23, 1229
List the prime factors of 13609.
31, 439
List the prime factors of 97311.
3, 163, 199
List the prime factors of 2354.
2, 11, 107
List the prime factors of 2022.
2, 3, 337
What are the prime factors of 1137?
3, 379
List the prime factors of 3184.
2, 199
What are the prime factors of 2845?
5, 569
What are the prime factors of 8602?
2, 11, 17, 23
What are the prime factors of 10229?
53, 193
What are the prime factors of 121328?
2, 7583
List the prime factors of 24420.
2, 3, 5, 11, 37
What are the prime factors of 1189?
29, 41
List the prime factors of 414.
2, 3, 23
What are the prime factors of 6140?
2, 5, 307
What are the prime factors of 4049?
4049
List the prime factors of 44813.
41, 1093
List the prime factors of 1846.
2, 13, 71
What are the prime factors of 44882?
2, 22441
List the prime factors of 2818.
2, 1409
What are the prime factors of 86?
2, 43
What are the prime factors of 3428?
2, 857
What are the prime factors of 1671?
3, 557
List the prime factors of 3373.
3373
List the prime factors of 16782.
2, 3, 2797
List the prime factors of 153122.
2, 76561
List the prime factors of 2595.
3, 5, 173
What are the prime factors of 638?
2, 11, 29
List the prime factors of 4355.
5, 13, 67
List the prime factors of 104457.
3, 34819
List the prime factors of 36487.
11, 31, 107
List the prime factors of 1559.
1559
List the prime factors of 2084.
2, 521
List the prime factors of 1858.
2, 929
What are the prime factors of 980?
2, 5, 7
List the prime factors of 648.
2, 3
What are the prime factors of 4732?
2, 7, 13
List the prime factors of 290.
2, 5, 29
List the prime factors of 23061.
3, 7687
List the prime factors of 74068.
2, 18517
List the prime factors of 2124.
2, 3, 59
What are the prime factors of 409?
409
What are the prime factors of 35391?
3, 47, 251
What are the prime factors of 797?
797
What are the prime factors of 112915?
5, 11, 2053
List the prime factors of 17419.
17419
List the prime factors of 63226.
2, 101, 313
List the prime factors of 5825.
5, 233
List the prime factors of 57.
3, 19
List the prime factors of 102789.
3, 47
List the prime factors of 6359.
6359
List the prime factors of 11325.
3, 5, 151
What are the prime factors of 35838?
2, 3, 11, 181
List the prime factors of 2925.
3, 5, 13
List the prime factors of 735.
3, 5, 7
What are the prime factors of 36550?
2, 5, 17, 43
List the prime factors of 1083.
3, 19
List the prime factors of 56977.
227, 251
What are the prime factors of 147661?
147661
What are the prime factors of 911?
911
What are the prime factors of 1434?
2, 3, 239
What are the prime factors of 5254?
2, 37, 71
List the prime factors of 88014.
2, 3, 14669
List the prime factors of 1560.
2, 3, 5, 13
What are the prime factors of 12474?
2, 3, 7, 11
List the prime factors of 11695.
5, 2339
What are the prime factors of 95729?
29, 3301
List the prime factors of 10307.
11, 937
What are the prime factors of 140072?
2, 17509
List the prime factors of 47392.
2, 1481
List the prime factors of 1047.
3, 349
List the prime factors of 21233.
17, 1249
What are the prime factors of 26535?
3, 5, 29, 61
List the prime factors of 1351.
7, 193
What are the prime factors of 3475?
5, 139
What are the prime factors of 3296?
2, 103
What are the prime factors of 289?
17
List the prime factors of 8869.
7, 181
List the prime factors of 30684.
2, 3, 2557
What are the prime factors of 34365?
3, 5, 29, 79
